e the prime factors of 151105051?
29, 5210519
List the prime factors of 629301253.
7, 89900179
List the prime factors of 149888206.
2, 13, 83, 69457
What are the prime factors of 41353000?
2, 5, 13, 3181
List the prime factors of 36663186.
2, 3, 7, 17, 51349
List the prime factors of 1626977210.
2, 5, 1723, 94427
What are the prime factors of 518676452?
2, 7, 1399, 13241
List the prime factors of 139067558.
2, 7, 71, 139907
What are the prime factors of 20201784?
2, 3, 841741
List the prime factors of 108596709.
3, 13, 928177
List the prime factors of 116708570.
2, 5, 11, 17, 139, 449
What are the prime factors of 63414511?
1549, 40939
What are the prime factors of 206741375?
5, 19, 87049
List the prime factors of 682204303.
11, 62018573
List the prime factors of 92588578.
2, 37, 41, 30517
What are the prime factors of 266075288?
2, 37, 151, 5953
What are the prime factors of 204024366?
2, 3, 7, 13, 41519
List the prime factors of 5776030794.
2, 3, 31, 919, 33791
List the prime factors of 796174937.
283, 2813339
What are the prime factors of 467907759?
3, 11, 61, 8609
What are the prime factors of 90422151?
3, 211, 677
What are the prime factors of 121372769?
7, 17338967
What are the prime factors of 1164910914?
2, 3, 557, 116189
List the prime factors of 44385575.
5, 13, 41, 3331
What are the prime factors of 251011223?
19, 1303, 10139
What are the prime factors of 299460846?
2, 3, 83, 349, 1723
List the prime factors of 56783834.
2, 313, 90709
List the prime factors of 514057526.
2, 17, 15119339
What are the prime factors of 1627394155?
5, 67, 4857893
What are the prime factors of 13915244?
2, 7, 29, 17137
What are the prime factors of 10386828?
2, 3, 109, 2647
What are the prime factors of 41861674?
2, 19, 29, 37987
List the prime factors of 655041689.
655041689
List the prime factors of 91827735.
3, 5, 31, 197479
What are the prime factors of 151185308?
2, 37796327
List the prime factors of 845336768.
2, 31, 426077
What are the prime factors of 2219302853?
211, 10518023
What are the prime factors of 59412802?
2, 31, 73, 13127
List the prime factors of 4211147813.
149, 557, 50741
List the prime factors of 3724978240.
2, 5, 317, 36721
List the prime factors of 2054237581.
11, 43, 1657, 2621
List the prime factors of 3073848830.
2, 5, 13, 23644991
What are the prime factors of 1373946020?
2, 5, 68697301
What are the prime factors of 65484910?
2, 5, 23, 12379
List the prime factors of 683042503.
11, 13, 4776521
What are the prime factors of 460848447?
3, 23, 247369
What are the prime factors of 5772522372?
2, 3, 71, 6775261
What are the prime factors of 34790713?
34790713
What are the prime factors of 22429753?
22429753
What are the prime factors of 88306170?
2, 3, 5, 2943539
What are the prime factors of 187859755?
5, 37571951
What are the prime factors of 1578165010?
2, 5, 23, 251, 27337
List the prime factors of 48641484.
2, 3, 4053457
List the prime factors of 34897793.
7, 4985399
List the prime factors of 500389084.
2, 13, 17, 29, 131, 149
List the prime factors of 119567100.
2, 3, 5, 398557
What are the prime factors of 2687227862?
2, 11, 23, 5310727
List the prime factors of 5357121.
3, 7, 11, 3313
What are the prime factors of 971223948?
2, 3, 1451, 18593
List the prime factors of 1206064147.
97, 167, 74453
What are the prime factors of 743317668?
2, 3, 167, 41213
What are the prime factors of 318749069?
131, 383, 6353
List the prime factors of 143368173.
3, 13, 79, 15511
What are the prime factors of 807143776?
2, 29, 31, 28057
List the prime factors of 675361354.
2, 43, 7853039
What are the prime factors of 3971094?
2, 3, 661849
What are the prime factors of 3183496888?
2, 11, 13, 31, 89767
What are the prime factors of 20422125?
3, 5, 2017
List the prime factors of 101239413.
3, 11, 3067861
List the prime factors of 589847185.
5, 6451, 18287
List the prime factors of 11983648.
2, 181, 2069
What are the prime factors of 331799249?
7151, 46399
List the prime factors of 5314068936.
2, 3, 11, 199, 11239
List the prime factors of 3317480089.
7, 11, 43084157
What are the prime factors of 130133849?
2341, 55589
List the prime factors of 115648138.
2, 149, 388081
List the prime factors of 368916643.
17, 21700979
List the prime factors of 75743542.
2, 7, 5410253
List the prime factors of 85941908.
2, 13, 127133
What are the prime factors of 107802702?
2, 3, 7, 23, 37199
List the prime factors of 47886367.
47886367
What are the prime factors of 5509901040?
2, 3, 5, 7, 71, 6599
List the prime factors of 107565322.
2, 53782661
List the prime factors of 19508985.
3, 5, 144511
What are the prime factors of 3030031369?
149, 20335781
List the prime factors of 1302751896.
2, 3, 151, 359479
What are the prime factors of 1890918056?
2, 5197, 45481
What are the prime factors of 5603092?
2, 11, 127343
List the prime factors of 27692136.
2, 3, 139, 2767
List the prime factors of 206198286.
2, 3, 7, 4909483
List the prime factors of 3439000025.
5, 137560001
What are the prime factors of 13777446?
2, 3, 17, 293, 461
What are the prime factors of 28609704?
2, 3, 397357
List the prime factors of 205396085.
5, 73, 181, 3109
What are the prime factors of 23773164?
2, 3, 47, 61, 691
What are the prime factors of 23441076?
2, 3, 71, 1019
List the prime factors of 78836363.
78836363
What are the prime factors of 1756278446?
2, 13, 877, 77023
List the prime factors of 137042222.
2, 68521111
List the prime factors of 721404304.
2, 71, 635039
List the prime factors of 1930596880.
2, 5, 24132461
List the prime factors of 1784461213.
32707, 54559
List the prime factors of 122298348.
2, 3, 31, 53, 6203
What are the prime factors of 4550275491?
3, 4231, 358487
What are the prime factors of 401106189?
3, 11, 12154733
List the prime factors of 1315648159.
7, 187949737
List the prime factors of 8543183747.
7, 29, 577, 72937
What are the prime factors of 32877874?
2, 409, 40193
List the prime factors of 291973564.
2, 3659, 19949
What are the prime factors of 194071101?
3, 7, 97, 95273
List the prime factors of 135429860.
2, 5, 6771493
What are the prime factors of 20557432?
2, 7, 367097
What are the prime factors of 83094590?
2, 5, 47, 176797
List the prime factors of 308893908.
2, 3, 37, 311, 2237
List the prime factors of 167742755.
5, 2243, 14957
What are the prime factors of 51204973?
293, 174761
What are the prime factors of 103140423?
3, 37, 309731
What are the prime factors of 894861802?
2, 447430901
List the prime factors of 91407222.
2, 3, 101, 137, 367
What are the prime factors of 55020886?
2, 27510443
List the prime factors of 107074736.
2, 199, 33629
What are the prime factors of 1136957196?
2, 3, 331, 286243
List the prime factors of 110993538.
2, 3, 23, 191, 4211
List the prime factors of 132839041.
53, 2506397
What are the prime factors of 311848069?
13, 151, 158863
List the prime factors of 110617921.
8069, 13709
What are the prime factors of 293265264?
2, 3, 2143, 2851
List the prime factors of 45293186.
2, 29, 780917
List the prime factors of 95557705.
5, 241, 79301
List the prime factors of 1557761007.
3, 11, 47204879
What are the prime factors of 2806673701?
13, 17, 353, 35977
List the prime factors of 2206836068.
2, 20809, 26513
List the prime factors of 63577517.
181, 351257
What are the prime factors of 263891689?
101, 2612789
What are the prime factors of 72151060?
2, 5, 17, 212209
List the prime factors of 68329295.
5, 191, 71549
List the prime factors of 1206218033.
1206218033
List the prime factors of 661023715.
5, 11, 12018613
List the prime factors of 44953251.
3, 7, 2140631
What are the prime factors of 96222305?
5, 19244461
What are the prime factors of 663856587?
3, 24587281
What are the prime factors of 23114631?
3, 7704877
What are the prime factors of 25834353?
3, 373, 23087
List the prime factors of 142295343.
3, 6359, 7459
What are the prime factors of 431781767?
101, 983, 4349
What are the prime factors of 312206538?
2, 3, 7, 181, 5867
What are the prime factors of 1200655817?
307, 977, 4003
List the prime factors of 119480313.
3, 3719, 10709
List the prime factors of 2558969814.
2, 3, 10531, 40499
What are the prime factors of 355310936?
2, 1181, 37607
What are the prime factors of 519598715?
5, 103919743
List the prime factors o